 is the highest common factor of 30573 and 252711?
387
Calculate the greatest common divisor of 4095 and 65573550.
315
What is the greatest common factor of 19101999 and 952?
119
What is the greatest common divisor of 1280 and 119896960?
640
Calculate the highest common divisor of 22 and 80741408.
22
Calculate the greatest common divisor of 5129959 and 31.
1
What is the highest common factor of 3605229 and 705?
141
What is the greatest common factor of 176 and 12820841?
11
Calculate the greatest common divisor of 42856 and 41591.
11
What is the highest common factor of 268246341 and 2623?
2623
What is the greatest common divisor of 33100 and 37150?
50
Calculate the highest common divisor of 69 and 51337357.
23
What is the highest common factor of 633 and 457211047?
211
Calculate the greatest common factor of 1100 and 15364250.
550
Calculate the greatest common factor of 81668925 and 55161.
6129
Calculate the greatest common divisor of 10 and 11859320.
10
What is the highest common divisor of 620 and 14885270?
310
What is the highest common factor of 763858 and 853871?
167
What is the highest common factor of 64 and 751696?
16
Calculate the greatest common divisor of 1181425 and 334096.
1099
Calculate the highest common divisor of 2166 and 94.
2
What is the greatest common factor of 90267 and 321?
3
Calculate the greatest common divisor of 576 and 92692404.
36
Calculate the greatest common divisor of 12850 and 118401442.
514
Calculate the greatest common divisor of 6690 and 65208322.
446
Calculate the greatest common factor of 1407 and 1077741.
21
What is the greatest common factor of 136165173 and 15?
3
Calculate the greatest common factor of 47657920 and 7360.
320
Calculate the highest common factor of 142 and 193694887.
71
What is the highest common divisor of 14052610 and 7657?
403
Calculate the greatest common divisor of 144 and 233456.
16
What is the highest common factor of 8893196 and 2548?
52
Calculate the greatest common divisor of 135 and 21691260.
135
Calculate the highest common divisor of 54 and 26010342.
54
Calculate the highest common divisor of 11004 and 33847518.
786
What is the greatest common divisor of 378 and 392503509?
27
Calculate the greatest common factor of 772 and 197452510.
386
Calculate the greatest common factor of 4375 and 990325.
175
Calculate the greatest common factor of 51256 and 224890.
86
What is the highest common divisor of 6 and 43092987?
3
What is the greatest common divisor of 22957798 and 872?
218
Calculate the greatest common divisor of 11691 and 139158.
27
What is the highest common divisor of 49 and 259610477?
49
What is the highest common factor of 45539 and 148934?
113
What is the highest common divisor of 438736 and 357?
17
Calculate the greatest common factor of 17485899 and 873.
291
Calculate the highest common factor of 7675343 and 26.
13
What is the highest common factor of 1290 and 8735364?
258
Calculate the highest common divisor of 7683186 and 12.
6
What is the highest common factor of 129 and 295910606?
43
What is the greatest common divisor of 59513901 and 3442?
1721
Calculate the highest common divisor of 8 and 121662.
2
What is the highest common divisor of 40 and 2479745?
5
Calculate the highest common divisor of 1457563 and 314653.
1411
Calculate the highest common divisor of 890 and 30748380.
10
Calculate the highest common divisor of 1963 and 3132042.
151
What is the greatest common divisor of 48906 and 101615382?
3762
Calculate the highest common divisor of 57 and 25965020.
19
What is the greatest common factor of 17706144 and 11946?
1086
Calculate the greatest common factor of 7132924 and 45314.
278
Calculate the highest common divisor of 1101705 and 38445.
165
What is the greatest common factor of 109915 and 1015235?
65
Calculate the highest common divisor of 1312 and 8043776.
32
Calculate the highest common divisor of 6087285 and 59496.
201
Calculate the greatest common divisor of 4326933 and 117.
39
Calculate the highest common divisor of 2 and 6223310.
2
Calculate the greatest common factor of 760 and 12588240.
40
What is the highest common divisor of 177366 and 1129632?
1722
Calculate the highest common factor of 348 and 32203956.
12
Calculate the greatest common factor of 1898 and 21049258.
146
Calculate the greatest common divisor of 23626070 and 546.
26
What is the highest common factor of 12135 and 497554416?
2427
What is the highest common factor of 111271885 and 3230?
1615
What is the greatest common divisor of 63 and 48862499?
7
What is the highest common factor of 12852312 and 41296?
712
Calculate the highest common divisor of 26427961 and 5908.
1477
Calculate the greatest common factor of 38182898 and 39.
13
What is the highest common divisor of 4011680 and 13840?
80
Calculate the greatest common divisor of 2056 and 2615528.
8
What is the greatest common factor of 726 and 507139314?
726
What is the greatest common divisor of 37841634 and 258?
258
What is the greatest common divisor of 1726122840 and 520?
520
What is the greatest common divisor of 140 and 6590240?
20
Calculate the greatest common divisor of 27542987 and 371.
53
Calculate the highest common factor of 86717 and 3128.
17
Calculate the greatest common factor of 319020 and 520.
260
Calculate the highest common factor of 331 and 55096605.
331
Calculate the greatest common divisor of 5020562 and 701.
701
What is the greatest common divisor of 913289 and 1793?
163
Calculate the greatest common factor of 22 and 556787.
11
Calculate the greatest common divisor of 6 and 4586860.
2
Calculate the greatest common factor of 121 and 304036293.
11
Calculate the highest common divisor of 445 and 1584981420.
445
What is the greatest common divisor of 15325590 and 627?
57
Calculate the greatest common factor of 3163326193 and 9767.
9767
What is the highest common factor of 5947816 and 147?
49
Calculate the greatest common divisor of 4865 and 16793.
7
Calculate the highest common factor of 21797412 and 8112.
156
Calculate the greatest common divisor of 43868616 and 198.
66
What is the highest common factor of 291925 and 800?
25
What is the greatest common factor of 10701 and 270483?
87
Calculate the highest common divisor of 15 and 138788835.
15
What is the greatest common divisor of 435587220 and 135?
135
What is the highest common divisor of 12458 and 12647?
1
What is the highest common factor of 1836555 and 195?
15
Calculate the highest common factor of 590643 and 22041.
279
Calculate the greatest common factor of 11200 and 16751600.
400
Calculate the greatest common factor of 45544 and 8101139.
5693
What is the greatest common divisor of 196346864 and 16?
16
What is the highest common factor of 8033640 and 1390?
10
Calculate the highest common factor of 258527126 and 286.
286
What is the greatest common factor of 413760074 and 2470?
494
Calculate the highest common factor of 275 and 5127625.
25
Calculate the highest common divisor of 1693115 and 58565.
85
Calculate the greatest common divisor of 20383641 and 283.
283
What is the greatest common divisor of 56896 and 31584?
224
What is the highest common factor of 4104191 and 245?
49
What is the highest common factor of 357 and 151992876?
21
What is the highest common divisor of 3214410 and 54282?
654
What is the greatest common divisor of 753 and 38302851?
753
Calculate the greatest common factor of 84901313 and 3353.
3353
Calculate the greatest common divisor of 1469481 and 14391.
1599
What is the highest common factor of 363838590 and 1797?
1797
Calculate the greatest common factor of 133383 and 656121.
771
What is the greatest common factor of 134 and 15950087?
67
What is the highest common factor of 1219089 and 1868421?
3183
Calculate the highest common factor of 17354976 and 144156.
3516
What is the highest common factor of 1002 and 32848733?
167
What is the highest common factor of 756 and 26205732?
252
What is the highest common factor of 521755 and 14309?
349
What is the greatest common divisor of 200044175 and 600?
25
What is the highest common divisor of 108891 and 2142504?
2943
What is the greatest common divisor of 940 and 254940?
20
What is the highest common divisor of 18706398 and 1194?
1194
Calculate the highest common divisor of 624824 and 21831